r of 55248 and 624.
48
Calculate the greatest common factor of 110 and 17798.
22
Calculate the greatest common divisor of 446 and 573779.
223
Calculate the highest common divisor of 14858 and 152.
38
What is the greatest common divisor of 59193 and 9?
9
Calculate the highest common divisor of 110721 and 117.
39
Calculate the highest common factor of 8 and 50408.
8
What is the highest common factor of 31 and 2432229?
31
What is the highest common divisor of 6494 and 2865?
191
Calculate the highest common divisor of 466182 and 1164.
582
What is the greatest common factor of 63 and 271677?
21
What is the greatest common divisor of 3670 and 15?
5
What is the highest common factor of 678 and 63958?
226
Calculate the highest common factor of 16104 and 113948.
244
Calculate the highest common divisor of 473711 and 2065.
413
What is the greatest common factor of 99593 and 39?
13
Calculate the highest common divisor of 20812 and 3182.
86
Calculate the highest common factor of 24 and 3648408.
24
What is the highest common factor of 339 and 529744?
113
Calculate the greatest common divisor of 4338808 and 976.
488
What is the greatest common divisor of 90 and 10215?
45
Calculate the greatest common factor of 2088 and 159152.
232
Calculate the highest common factor of 3144 and 62487.
393
Calculate the greatest common divisor of 5 and 5228.
1
Calculate the greatest common divisor of 230 and 256210.
10
Calculate the highest common factor of 11377 and 111935.
367
Calculate the highest common divisor of 117029 and 44.
11
What is the greatest common factor of 6905 and 10?
5
What is the highest common factor of 266 and 56126?
266
Calculate the greatest common factor of 120403 and 247.
19
Calculate the highest common divisor of 19426 and 604855.
883
Calculate the greatest common factor of 12048 and 649839.
753
What is the highest common divisor of 40 and 861160?
40
Calculate the greatest common divisor of 43 and 2476.
1
What is the greatest common factor of 16 and 1717392?
16
What is the greatest common divisor of 123 and 1265137?
41
What is the highest common factor of 51 and 13753?
17
What is the highest common divisor of 400 and 25?
25
Calculate the highest common divisor of 487114 and 158.
158
Calculate the highest common factor of 122 and 8713118.
122
Calculate the greatest common factor of 3815 and 8190.
35
What is the highest common divisor of 24574 and 11?
11
What is the greatest common factor of 119 and 41216?
7
Calculate the greatest common factor of 3250 and 357175.
325
What is the highest common divisor of 930 and 147405?
465
What is the highest common factor of 13237 and 4697?
427
Calculate the greatest common divisor of 52 and 476281.
13
Calculate the highest common divisor of 55065 and 285.
15
What is the greatest common factor of 553 and 52472?
7
What is the greatest common factor of 17485 and 131810?
1345
Calculate the greatest common factor of 294 and 41334.
6
Calculate the highest common factor of 11264 and 440.
88
Calculate the highest common divisor of 47 and 1493848.
47
Calculate the greatest common factor of 53 and 78334.
53
What is the highest common divisor of 684 and 8808?
12
What is the greatest common factor of 625249 and 12795?
853
What is the highest common divisor of 899 and 2900?
29
Calculate the greatest common factor of 84 and 299817.
21
Calculate the highest common factor of 2364 and 102243.
591
What is the highest common factor of 198 and 1551?
33
What is the greatest common factor of 69966 and 40222?
338
Calculate the greatest common divisor of 299 and 143.
13
Calculate the greatest common factor of 26 and 864422.
26
What is the highest common factor of 42 and 1274?
14
What is the greatest common divisor of 1897 and 938?
7
Calculate the greatest common factor of 58580 and 3535.
505
What is the greatest common divisor of 302530 and 20?
10
What is the greatest common factor of 400 and 9550?
50
What is the highest common divisor of 1260 and 8935080?
420
What is the highest common factor of 117771 and 444?
111
Calculate the highest common divisor of 206382 and 264.
66
What is the highest common factor of 521548 and 184?
92
Calculate the highest common divisor of 72 and 23697.
9
What is the highest common factor of 901825 and 125?
25
What is the greatest common factor of 732 and 9708?
12
What is the greatest common divisor of 3980630 and 20?
10
What is the greatest common factor of 34 and 72641?
17
What is the highest common factor of 581 and 5146?
83
Calculate the highest common factor of 629 and 888777.
629
What is the highest common factor of 3836 and 130972?
548
Calculate the highest common factor of 6325 and 20815.
115
What is the highest common divisor of 20277 and 189?
27
Calculate the highest common factor of 42 and 12026.
14
What is the highest common factor of 2115 and 328107?
141
What is the highest common divisor of 3689 and 12257?
119
What is the highest common factor of 21983 and 2964?
247
Calculate the highest common divisor of 635733 and 9.
9
Calculate the greatest common divisor of 636 and 51894.
6
Calculate the highest common factor of 679 and 3941.
7
Calculate the greatest common divisor of 84 and 54152.
28
What is the highest common divisor of 3667 and 15826?
193
What is the greatest common factor of 602646 and 80454?
1518
What is the highest common divisor of 4990 and 180?
10
What is the greatest common factor of 205856 and 64?
32
What is the highest common divisor of 950 and 7250?
50
What is the highest common divisor of 894201 and 99?
33
Calculate the greatest common divisor of 21 and 2409.
3
Calculate the highest common factor of 189 and 1961523.
27
What is the greatest common factor of 388 and 137643?
97
Calculate the highest common factor of 13847 and 183.
61
Calculate the highest common factor of 1227 and 721885.
409
Calculate the greatest common divisor of 1551424 and 448.
448
What is the greatest common divisor of 413608 and 97?
97
Calculate the highest common factor of 1067737 and 11.
11
Calculate the highest common factor of 84 and 11487.
21
Calculate the highest common factor of 512 and 61888.
64
What is the greatest common factor of 231343 and 273?
7
Calculate the highest common divisor of 27 and 22455.
9
Calculate the greatest common divisor of 214 and 488669.
107
What is the highest common factor of 638 and 380567?
319
Calculate the greatest common divisor of 1 and 40450.
1
Calculate the highest common factor of 20 and 5504.
4
What is the greatest common factor of 7447 and 99?
11
Calculate the greatest common divisor of 4305 and 1133937.
861
Calculate the highest common divisor of 1580 and 34839.
79
What is the greatest common divisor of 4 and 344716?
4
Calculate the greatest common divisor of 66013 and 4471.
263
What is the greatest common divisor of 3447 and 1377?
9
Calculate the greatest common divisor of 13706 and 56.
14
Calculate the greatest common divisor of 38212 and 4879.
41
What is the highest common factor of 676104 and 44?
44
What is the highest common factor of 252 and 1211?
7
Calculate the highest common divisor of 206580 and 264.
132
Calculate the greatest common divisor of 12886 and 91718.
758
Calculate the highest common factor of 320 and 21220.
20
Calculate the highest common divisor of 60242 and 182.
182
Calculate the greatest common divisor of 240 and 33645.
15
Calculate the highest common divisor of 602 and 8218.
14
What is the highest common divisor of 2024 and 422004?
1012
What is the highest common divisor of 304 and 68324?
76
Calculate the greatest common factor of 150 and 3918.
6
Calculate the highest common divisor of 1087889 and 11.
11
Calculate the highest common divisor of 51277 and 47.
47
Calculate the greatest common factor of 83986 and 392.
98
Calculate the highest common divisor of 182563 and 1088.
17
What is the highest common divisor of 5117 and 364769?
731
Calculate the highest common divisor of 14 and 60046.
14
What is the highest common divisor of 324521 and 43?
43
What is the greatest common factor of 20736 and 567?
81
Calculate the greatest common divisor of 126 and 9597.
21
What is the highest common divisor of 231808 and 512?
128
What is the highest common divisor of 1826 and 594?
22
Calculate the highest common divisor of 108 and 17652.
12
What is t